{"id":29,"date":"2017-06-15T23:50:34","date_gmt":"2017-06-15T21:50:34","guid":{"rendered":"http:\/\/www.womo-hochgratblick.de\/?page_id=29"},"modified":"2021-05-03T22:17:58","modified_gmt":"2021-05-03T20:17:58","slug":"kontakt-anfahrt","status":"publish","type":"page","link":"https:\/\/www.womo-hochgratblick.de\/?page_id=29","title":{"rendered":"Kontakt &#038; Anfahrt"},"content":{"rendered":"<h3 style=\"text-align: center;\"><strong>Wir freuen uns auf Ihren Besuch!<\/strong><\/h3>\n<h3 style=\"text-align: center;\">F\u00fcr Fragen stehen wir Ihnen gerne zur Verf\u00fcgung<\/h3>\n<h3 style=\"text-align: center;\">Telefonisch: 08386\/8180 oder<\/h3>\n<h3 style=\"text-align: center;\">per Mail: info@womo-hochgratblick.de<\/h3>\n<h3><\/h3>\n<h3 style=\"text-align: center;\">Adresse des Stellplatzes: Am H\u00f6\u00dfl 10, 87534 Oberstaufen<\/h3>\n<h3 style=\"text-align: center;\">Adresse zur Anmeldung: Familie Bechteler, Im Dorf 37, 87534 Oberstaufen (ca. 150m neben dem Stellplatz)<\/h3>\n<h3 style=\"text-align: center;\"><\/h3>\n<h3 style=\"text-align: center;\">Freundliche Gr\u00fc\u00dfe Familien Bechteler &amp; H\u00f6\u00df<\/h3>\n<p><iframe loading=\"lazy\" style=\"border: 0;\" src=\"https:\/\/www.google.com\/maps\/embed?pb=!1m14!1m12!1m3!1d1347.0362611233875!2d10.026516282461557!3d47.527451070354196!2m3!1f0!2f0!3f0!3m2!1i1024!2i768!4f13.1!5e0!3m2!1sde!2sde!4v1497564470698\" width=\"600\" height=\"450\" frameborder=\"0\" allowfullscreen=\"allowfullscreen\"><\/iframe><\/p>\n","protected":false},"excerpt":{"rendered":"<p>Wir freuen uns auf Ihren Besuch! F\u00fcr Fragen stehen wir Ihnen gerne zur Verf\u00fcgung Telefonisch: 08386\/8180 oder per Mail: info@womo-hochgratblick.de Adresse des Stellplatzes: Am H\u00f6\u00dfl 10, 87534 Oberstaufen Adresse zur Anmeldung: Familie Bechteler, Im Dorf 37, 87534 Oberstaufen (ca. 150m neben dem Stellplatz) Freundliche Gr\u00fc\u00dfe Familien Bechteler &amp; H\u00f6\u00df<\/p>\n","protected":false},"author":2,"featured_media":12,"parent":6,"menu_order":4,"comment_status":"closed","ping_status":"closed","template":"page-templates\/full-width-page.php","meta":[],"_links":{"self":[{"href":"https:\/\/www.womo-hochgratblick.de\/index.php?rest_route=\/wp\/v2\/pages\/29"}],"collection":[{"href":"https:\/\/www.womo-hochgratblick.de\/index.php?rest_route=\/wp\/v2\/pages"}],"about":[{"href":"https:\/\/www.womo-hochgratblick.de\/index.php?rest_route=\/wp\/v2\/types\/page"}],"author":[{"embeddable":true,"href":"https:\/\/www.womo-hochgratblick.de\/index.php?rest_route=\/wp\/v2\/users\/2"}],"replies":[{"embeddable":true,"href":"https:\/\/www.womo-hochgratblick.de\/index.php?rest_route=%2Fwp%2Fv2%2Fcomments&post=29"}],"version-history":[{"count":14,"href":"https:\/\/www.womo-hochgratblick.de\/index.php?rest_route=\/wp\/v2\/pages\/29\/revisions"}],"predecessor-version":[{"id":310,"href":"https:\/\/www.womo-hochgratblick.de\/index.php?rest_route=\/wp\/v2\/pages\/29\/revisions\/310"}],"up":[{"embeddable":true,"href":"https:\/\/www.womo-hochgratblick.de\/index.php?rest_route=\/wp\/v2\/pages\/6"}],"wp:featuredmedia":[{"embeddable":true,"href":"https:\/\/www.womo-hochgratblick.de\/index.php?rest_route=\/wp\/v2\/media\/12"}],"wp:attachment":[{"href":"https:\/\/www.womo-hochgratblick.de\/index.php?rest_route=%2Fwp%2Fv2%2Fmedia&parent=29"}],"curies":[{"name":"wp","href":"https:\/\/api.w.org\/{rel}","templated":true}]}}