{"id":27,"date":"2017-06-15T23:48:09","date_gmt":"2017-06-15T21:48:09","guid":{"rendered":"http:\/\/www.womo-hochgratblick.de\/?page_id=27"},"modified":"2019-12-22T21:27:17","modified_gmt":"2019-12-22T20:27:17","slug":"steibis-umgebung","status":"publish","type":"page","link":"https:\/\/www.womo-hochgratblick.de\/?page_id=27","title":{"rendered":"Steibis &#038; Umgebung"},"content":{"rendered":"<h3>Steibis bietet Ihnen vom sportlichen Erlebnis bis zum k\u00f6stlichen Genuss alles was Ihren Urlaub zu einem einzigartigen Erlebnis werden l\u00e4sst. Auch das nahe Oberstaufen ist bequem mit dem Bus erreichbar.<\/h3>\n<h3 style=\"text-align: center;\"><strong>Wandertipps der Familie Bechteler<br \/>\n<\/strong><\/h3>\n<h3>Bei Ihrer Ankunft erhalten Sie einen von uns selbst erstellten Flyer mit detaillierten Wanderungen. Hier ein kleiner Vorgeschmack:<\/h3>\n<h3><strong>Buchenegger Wasserf\u00e4lle:<\/strong><\/h3>\n<h3 style=\"text-align: center;\">Muss man gesehen haben wenn man schon mal in Steibis ist.<\/h3>\n<h3><strong>Dreil\u00e4nderblick:<\/strong><\/h3>\n<h3 style=\"text-align: center;\">Eine Tour abseits des Trubels. Der Geheimtipp, vorallem am Wochenende.<\/h3>\n<h3><\/h3>\n<h3><strong><img loading=\"lazy\" class=\"SzDcob alignright\" src=\"https:\/\/lh3.googleusercontent.com\/nipKrwBAFrvwxjqwYc1auwsr81gnOIWpVhq-Iy9_5WlzCKTs4kBdO9NzSDIaKusadX5RLDrDDSbjLkmW4awfkpD71XUXNsuc-8_iqZ3zH3XY0wgfBVB-10t9zBGKpv9FJ_MDC3kGEg7gfg1-mbGxng9ihlTCX-MOguICdjAmoR5P8P3HHJvjGDV-yoKSBtcemMzlaitaMGA2BKSvEwszZ5QufdmoVgDejVkUUVctPuIOyrMRJPexNYEPB0ikZ0RfpPOkfwAZkOYqdUwI6fmo6Ob0nCBwzqJhrPUFIM7xdKsnQv93cZVwJcXPYSrYEX8rURHKNbGAndHnyFvmNvVqJuNoR1FEc4kQOX6ttgHjLr5lK6AD5O9jOtd-HvxcjYH_diVprNsO9OHg_hTskzvaj7Ix6RvoGvYMmfx8HZ2uwcvBUc4detCbfyPkF9GtE3HUBTQONXYZl_ZZOvWlr9YgBXEem8uQcOhPk8o4Zbx9t23HJLEp6EeRkYxB0thHoQze42XSTisCpWsfiuY8KU3wJDNxeljSGzJ8IzXm5lFFKJQG_y_Z_fzaHkWnMCdAmM0fVTf2ZIltENIkU65d7wp639UuoRKZUTmuzMh1PzTOcYtnroBSjAj5tsfctg=w531-h943-no\" width=\"222\" height=\"395\" \/><\/strong><\/h3>\n<h3><\/h3>\n<h3 style=\"text-align: left;\"><strong>Unser Hausberg der Hochgrat (1.833m):<\/strong><\/h3>\n<h3 style=\"text-align: left;\">Die Aussicht ist immer wieder atemberaubend sch\u00f6n.<\/h3>\n<h3 style=\"text-align: left;\">Der Blick reicht von den Vorarlberger Alpen, nach Oberstdorf, \u00fcber die Schweiz, das Westallg\u00e4u und vieles mehr. Fragen Sie uns nach den verschiedenen M\u00f6glichkeiten rund um den Hochgrat. Infos auch unter <a href=\"http:\/\/www.hochgratbahn.de\">www.hochgratbahn.de<\/a><\/h3>\n<h3><\/h3>\n<h3><\/h3>\n<h3><\/h3>\n<h3><\/h3>\n<h3><strong><img loading=\"lazy\" class=\"SzDcob alignleft\" src=\"https:\/\/lh3.googleusercontent.com\/v0P9YkhHSYkvw0I_XXK_4CZSp1uKMtaahjHzT_bR5wenEKFtACYlixMlsbmRLfIHQEEhgufBMyw0uKg0U7bK6mSDHCk21QAcUL38_hQ3so1P9rML8Om4hrld21UDNsyAF1cbCYNlBlNvK2hHArzvP6ZX_3myIn2D6qostLrwOhxDSo1hr1xxcjDJ95GtslCTTcT7ICHPoywskZLqaPPR9lJWgcCdFosleQVZJkDUoRrp_qPCdyqgKJTDc60GdAG8ddje6Kgebjsu1a3cZRPNnYdHn4b3_jxAC_j0MxP-B90raW2Zyi1g3lTWIzSFifpmq7d39sNC9wbhwyh6q9FXG7VhvFHqDeiOoyHWpDfujXrcNOWSqGtKRB3ulFSeWNtJ6fkDXaA3Sr6KmHaJHJDIaQchBAXN7_JO6GpBWkUwhDNtOzZaPrSwYCbZxyZX-KZnL2bVHAWKE-yi4kTthCIc6Qbsi79ui49oNqYBselzE2IlRDJ2kw9pxPHczhFlcoVcLNmCvhXi8BnKSCbds-ZJCl4OZz0MKOGiyYJNHPRVrePrA1_kfTzvXvaCIN8mE6JpOZANo3N8eQntgpnEzQ4RymsQE7OOOmoHowuoJUFxCYelvVpJ6VSBOZB5AA=w1250-h943-no\" width=\"334\" height=\"252\" \/><\/strong><\/h3>\n<h3><strong>\u00a0<\/strong><\/h3>\n<h3><strong>Imberg &#8211; Der Berg f\u00fcr Gro\u00df und Klein:<\/strong><\/h3>\n<h3 style=\"text-align: center;\">Hier sind die Wanderwege etwas gem\u00fctlicher als am Hochgrat und somit auch f\u00fcr Genuss-Wanderer und unsere kleinen G\u00e4ste wunderbar geeignet. Es gibt unz\u00e4hlige Einkehrm\u00f6glichkeiten und bei m\u00fcden Beinen kann man bequem mit dem Pendelbus zur\u00fcck zur Bergstation fahren. Infos auch unter\u00a0 <a href=\"http:\/\/huendle.eu\/sommer\/erlebnis-imberg\/\">www.imbergbahn.de<\/a><\/h3>\n<h3><\/h3>\n<h3><\/h3>\n<h3><\/h3>\n<h3><\/h3>\n<h3><strong><img loading=\"lazy\" class=\"SzDcob alignright\" src=\"https:\/\/lh3.googleusercontent.com\/YUjOljpL8Vegohr9JYVhxR84YiqPHxEmm6t4V8WeYgJPm61hZlExcpzfDkB-DG0K_J4cBr0ZQV6BXLrzuM7J6O5qtGrchs_f5EiHgH6gUHomonnS7UYI0qTy5JNhTza9mcW0LytPW8_A8lqLUdUMI-Q_eFhjVANTuPyzvGhc2pjlGvSjc93i1giVrmjAVmV5Ze481G9UI0gqDkSJ7lY-sUK7Ebuz-DoqJ0v81xU0Go-WIuOKM2AAPY0sOrqbO1gdWLC9xHmwK4DTr5sB_CRN87MGcCEwu34oGWVAIUBikoDWpPxiCpSMM98BzYLtDz52cErwazhtIR97osKPxuv8GSkkKa_3SzF9k9LCZfzF2_ECGSqPYICISfNHHv91d9joqq2IHobIixIXR9bs4rUA2f8BfI4ETTYMHWeA22_LkGT_Uq2fsXGzaLuBNTvbwsu25l5YivlYVpgSBnTNLZVi3MPmk7jQi4ij-8Q8BFLEMJ7ZB9UH4nqkSSapumCuJQNu0Eo5WCWjq3UOcb-BJhcD_b6-ihscMu4Qpt-P2rKgDg3bYn2G9GMgXw1XH6k7nFk2i27KxIbyKb3hE_EFgM3o_gPlwa-H8YdZ0McSv4CWEokCJZ0rd_zOyigFkg=w1258-h944-no\" width=\"408\" height=\"306\" \/><\/strong><\/h3>\n<h3><\/h3>\n<h3><strong>Auch im Winter ist in Steibis viel geboten!<\/strong><\/h3>\n<h3 style=\"text-align: center;\">Der Zubringer-Lift (Kirchhanglift) zur Skiarena Steibis beginnt nur 150 m neben dem Stellplatz.<\/h3>\n<h3><\/h3>\n<h3><\/h3>\n<h3><\/h3>\n<h3><\/h3>\n<h3 style=\"text-align: center;\">Auch f\u00fcr unsere Mountainbiker oder E-Bike-Fahrer haben wir einige Tipps, sprechen Sie uns an!<\/h3>\n","protected":false},"excerpt":{"rendered":"<p>Steibis bietet Ihnen vom sportlichen Erlebnis bis zum k\u00f6stlichen Genuss alles was Ihren Urlaub zu einem einzigartigen Erlebnis werden l\u00e4sst. Auch das nahe Oberstaufen ist bequem mit dem Bus erreichbar. Wandertipps der Familie Bechteler Bei Ihrer Ankunft erhalten Sie einen von uns selbst erstellten Flyer mit detaillierten Wanderungen. Hier ein kleiner Vorgeschmack: Buchenegger Wasserf\u00e4lle: Muss &hellip; <a href=\"https:\/\/www.womo-hochgratblick.de\/?page_id=27\" class=\"more-link\">Weiterlesen <span class=\"screen-reader-text\">Steibis &#038; Umgebung<\/span><\/a><\/p>\n","protected":false},"author":2,"featured_media":9,"parent":6,"menu_order":2,"comment_status":"closed","ping_status":"closed","template":"page-templates\/full-width-page.php","meta":[],"_links":{"self":[{"href":"https:\/\/www.womo-hochgratblick.de\/index.php?rest_route=\/wp\/v2\/pages\/27"}],"collection":[{"href":"https:\/\/www.womo-hochgratblick.de\/index.php?rest_route=\/wp\/v2\/pages"}],"about":[{"href":"https:\/\/www.womo-hochgratblick.de\/index.php?rest_route=\/wp\/v2\/types\/page"}],"author":[{"embeddable":true,"href":"https:\/\/www.womo-hochgratblick.de\/index.php?rest_route=\/wp\/v2\/users\/2"}],"replies":[{"embeddable":true,"href":"https:\/\/www.womo-hochgratblick.de\/index.php?rest_route=%2Fwp%2Fv2%2Fcomments&post=27"}],"version-history":[{"count":26,"href":"https:\/\/www.womo-hochgratblick.de\/index.php?rest_route=\/wp\/v2\/pages\/27\/revisions"}],"predecessor-version":[{"id":257,"href":"https:\/\/www.womo-hochgratblick.de\/index.php?rest_route=\/wp\/v2\/pages\/27\/revisions\/257"}],"up":[{"embeddable":true,"href":"https:\/\/www.womo-hochgratblick.de\/index.php?rest_route=\/wp\/v2\/pages\/6"}],"wp:featuredmedia":[{"embeddable":true,"href":"https:\/\/www.womo-hochgratblick.de\/index.php?rest_route=\/wp\/v2\/media\/9"}],"wp:attachment":[{"href":"https:\/\/www.womo-hochgratblick.de\/index.php?rest_route=%2Fwp%2Fv2%2Fmedia&parent=27"}],"curies":[{"name":"wp","href":"https:\/\/api.w.org\/{rel}","templated":true}]}}