{"id":54,"date":"2017-06-16T15:20:15","date_gmt":"2017-06-16T13:20:15","guid":{"rendered":"http:\/\/www.womo-hochgratblick.de\/?page_id=54"},"modified":"2022-12-04T11:12:12","modified_gmt":"2022-12-04T10:12:12","slug":"impressum","status":"publish","type":"page","link":"http:\/\/www.womo-hochgratblick.de\/?page_id=54","title":{"rendered":"Impressum"},"content":{"rendered":"<h3>F\u00fcr den Inhalt verantwortlich<\/h3>\n<p>Wohnmobilstellplatz Hochgratblick<br \/>\nChristine Bechteler<br \/>\nIm Dorf 37<br \/>\n87534 Oberstaufen<br \/>\nFon: 08386\/8180<br \/>\nMail: info@womo-hochgratblick.de<\/p>\n<h3>Urheberrechtlicher Hinweis<\/h3>\n<p>Alle Seiten dieser Website sind durch das Urheberrecht gesch\u00fctzt. Alle Rechte, auch \u00dcbersetzungen, vorbehalten. Insbesondere d\u00fcrfen Nachdruck, Aufnahme in Online-Dienste und Internet und Vervielf\u00e4ltigung auf Datentr\u00e4ger nur nach vorheriger schriftlicher Zustimmung des Anbieters erfolgen. Alle Bilder stammen von kostenlosen Bilderarchiven bzw. aus eigenen Archiven. Sollten irgendwelche Rechte an den Bildern bestehen, bitten wir um kurze Benachrichtigung, wir nehmen dann beim Nachweis des Copyrights gerne die entsprechenden Bilder von der Website.<\/p>\n<h3>Haftung<\/h3>\n<p>Es werden keinerlei Haftung f\u00fcr \u00dcbermittlungsfehler, Richtigkeit oder Vollst\u00e4ndigkeit aller Angaben und Eintragungen auf diesem Server, sowie deren Darstellungsart \u00fcbernommen. Die Nennung von Produkten anderer Hersteller oder Anbieter dient ausschlie\u00dflich zur Information und stellt keinen Warenzeichenmi\u00dfbrauch und keine Empfehlung dar. Wir k\u00f6nnen hinsichtlich der Auswahl, Leistung oder Anwendung dieser Produkte oder Dienstleistungen keinerlei Gew\u00e4hr \u00fcbernehmen. F\u00fcr die Richtigkeit zu unseren eigenen Angaben zeichnen wir uns hingegen verantwortlich. F\u00fcr unaufgefordert eingesandte Manuskripte und Fotos wird keine Haftung \u00fcbernommen.<\/p>\n<h3>Links<\/h3>\n<p>Die auf den gelinkten Seiten wiedergegebenen Meinungs\u00e4u\u00dferungen und\/oder Tatsachenbehauptungen liegen in der alleinigen Verantwortung des\/der jeweiligen Autors\/Autorin und spiegeln nicht die Meinung des Verfassers dieser Seiten wider. Wir haben auf diesen Seiten Links zu anderen Seiten im Internet gelegt. F\u00fcr all diese Links gilt: Wir betonen ausdr\u00fccklich, da\u00df wir keinerlei Einfluss auf die Gestaltung und die Inhalte der gelinkten Seiten haben. Deshalb distanzieren wir uns hiermit ausdr\u00fccklich von allen Inhalten aller gelinkten Seiten auf unserer Website und machen uns deren Inhalte nicht zu eigen. Diese Erkl\u00e4rung gilt f\u00fcr alle auf dieser Pr\u00e4senz angezeigten Links und f\u00fcr alle Inhalte der Seiten, zu denen die hier aufgef\u00fchrten Links f\u00fchren. ln der Regel k\u00f6nnen Sie unsere Internetseiten abrufen, ohne Angaben \u00fcber Ihre Person zu machen. Wir beschr\u00e4nken die Erhebung pers\u00f6nlicher Daten auf das absolut Notwendige. Ben\u00f6tigen wir im Einzelfall Ihren Namen, Ihre Adresse oder andere Personalien \u2013 etwa wenn Korrespondenz abgewickelt oder eine Bestellung ausgef\u00fchrt werden muss -, weisen wir Sie darauf hin. Falls Sie uns gegen\u00fcber pers\u00f6nliche Angaben machen, behandeln wir diese Daten gem\u00e4\u00df dem deutschen Datenschutzgesetz. W\u00fcnschen Sie, dass Ihre Daten nicht f\u00fcr eine weitere Kontaktaufnahme verwendet oder dass sie gel\u00f6scht werden, kommen wir dieser Aufforderung selbstverst\u00e4ndlich nach. Weit mehr als pers\u00f6nliche Daten erheben wir unpers\u00f6nliche Daten \u00fcber die Nutzung unserer lnternetseiten. Wir werten diese Informationen lediglich zu statistischen Zwecken aus und achten streng darauf, dass sie nicht mit pers\u00f6nlichen Daten in Verbindung gebracht werden. Weitere Informationen dazu in untenstehender Datenschutzerkl\u00e4rung.<\/p>\n<h3>Weitergabe an Dritte<\/h3>\n<p>Wir geben Ihre personenbezogenen Daten einschlie\u00dflich Ihrer Hausadresse und E-Mail-Adresse nicht ohne Ihre ausdr\u00fcckliche und jederzeit widerrufliche Einwilligung an Dritte weiter. Ausgenommen hiervon sind unsere Dienstleistungspartner, die zur Bestellabwicklung die \u00dcbermittlung von Daten ben\u00f6tigen (z.B. das mit der Lieferung beauftragte Versandunternehmen und das mit der Zahlungsabwicklung beauftragte Kreditinstitut). ln diesen F\u00e4llen beschr\u00e4nkt sich der Umfang der \u00fcbermittelten Daten jedoch nur auf das erforderliche Minimum<\/p>\n<h3>Dankesch\u00f6n<\/h3>\n<p>Diese Website basiert auf <a href=\"http:\/\/wordpress.org\">WordPress<\/a> und verwendet das <a href=\"http:\/\/wordpress.com\/themes\/sela\/\">Theme Sela<\/a>.<\/p>\n<h3>Datenschutzerkl\u00e4rung<\/h3>\n<h3>Geltungsbereich<\/h3>\n<p>Diese Datenschutzerkl\u00e4rung kl\u00e4rt Nutzer \u00fcber die Art, den Umfang und Zwecke der Erhebung und Verwendung personenbezogener Daten durch den verantwortlichen Anbieter (s.o.) auf dieser Website (im folgenden \u201cAngebot\u201d) auf. Die rechtlichen Grundlagen des Datenschutzes finden sich im Bundesdatenschutzgesetz (BDSG) und dem Telemediengesetz (TMG).<\/p>\n<h3>Zugriffsdaten\/ Server-Logfiles<\/h3>\n<p>Der Anbieter (beziehungsweise sein Webspace-Provider) erhebt Daten \u00fcber jeden Zugriff auf das Angebot (so genannte Serverlogfiles). Zu den Zugriffsdaten geh\u00f6ren:<\/p>\n<p>Name der abgerufenen Webseite, Datei, Datum und Uhrzeit des Abrufs, \u00fcbertragene Datenmenge, Meldung \u00fcber erfolgreichen Abruf, Browsertyp nebst Version, das Betriebssystem des Nutzers, Referrer URL (die zuvor besuchte Seite), IP-Adresse und der anfragende Provider.<\/p>\n<p>Der Anbieter verwendet die Protokolldaten nur f\u00fcr statistische Auswertungen zum Zweck des Betriebs, der Sicherheit und der Optimierung des Angebotes. Der Anbieterbeh\u00e4lt sich jedoch vor, die Protokolldaten nachtr\u00e4glich zu \u00fcberpr\u00fcfen, wenn aufgrund konkreter Anhaltspunkte der berechtigte Verdacht einer rechtswidrigen Nutzung besteht.<\/p>\n<h3>Kontaktaufnahme<\/h3>\n<p>Bei der Kontaktaufnahme mit dem Anbieter (zum Beispiel per Kontaktformular oder E-Mail) werden die Angaben des Nutzers zwecks Bearbeitung der Anfrage sowie f\u00fcr den Fall, dass Anschlussfragen entstehen, gespeichert.<\/p>\n<h3>Kommentare und Beitr\u00e4ge<\/h3>\n<p>Wenn Nutzer Kommentare im Blog oder sonstige Beitr\u00e4ge hinterlassen, werden ihre IP-Adressen gespeichert. Das erfolgt zur Sicherheit des Anbieters, falls jemand in Kommentaren und Beitr\u00e4gen widerrechtliche Inhalte schreibt (Beleidigungen, verbotene politische Propaganda, etc.). In diesem Fall kann der Anbieter selbst f\u00fcr den Kommentar oder Beitrag belangt werden und ist daher an der Identit\u00e4t des Verfassers interessiert.<\/p>\n<h3>Einbindung von Diensten und Inhalten Dritter<\/h3>\n<p>Es kann vorkommen, dass innerhalb dieses Onlineangebotes Inhalte Dritter, wie zum Beispiel Videos von YouTube, Kartenmaterial von Google-Maps, RSS-Feeds oder Grafiken von anderen Webseiten eingebunden werden. Dies setzt immer voraus, dass die Anbieter dieser Inhalte (nachfolgend bezeichnet als &#8222;Dritt-Anbieter&#8220;) die IP-Adresse der Nutzer wahr nehmen. Denn ohne die IP-Adresse, k\u00f6nnten sie die Inhalte nicht an den Browser des jeweiligen Nutzers senden. Die IP-Adresse ist damit f\u00fcr die Darstellung dieser Inhalte erforderlich. Wir bem\u00fchen uns nur solche Inhalte zu verwenden, deren jeweilige Anbieter die IP-Adresse lediglich zur Auslieferung der Inhalte verwenden. Jedoch haben wir keinen Einfluss darauf, falls die Dritt-Anbieter die IP-Adresse z.B. f\u00fcr statistische Zwecke speichern. Soweit dies uns bekannt ist, kl\u00e4ren wir die Nutzer dar\u00fcber auf.<\/p>\n<h3>Cookies<\/h3>\n<p>Cookies sind kleine Dateien, die es erm\u00f6glichen, auf dem Zugriffsger\u00e4t der Nutzer (PC, Smartphone o.\u00e4.) spezifische, auf das Ger\u00e4t bezogene Informationen zu speichern. Sie dienen zum einem der Benutzerfreundlichkeit von Webseiten und damit den Nutzern (z.B. Speicherung von Logindaten). Zum anderen dienen sie, um die statistische Daten der Webseitennutzung zu erfassen und sie zwecks Verbesserung des Angebotes analysieren zu k\u00f6nnen. Die Nutzer k\u00f6nnen auf den Einsatz der Cookies Einfluss nehmen. Die meisten Browser verf\u00fcgen eine Option mit der das Speichern von Cookies eingeschr\u00e4nkt oder komplett verhindert wird. Allerdings wird darauf hingewiesen, dass die Nutzung und insbesondere der Nutzungskomfort ohne Cookies eingeschr\u00e4nkt werden.<\/p>\n<p>Sie k\u00f6nnen viele Online-Anzeigen-Cookies von Unternehmen \u00fcber die US-amerikanische Seite http:\/\/www.aboutads.info\/choices\/ oder die EU-Seite http:\/\/www.youronlinechoices.com\/uk\/your-ad-choices\/ verwalten.<\/p>\n<h3>Jetpack\/Wordpress.com-Stats<\/h3>\n<p>Dieses Angebot nutzt Jetpack, ein Tool zur statistischen Auswertung der Besucherzugriffe, betrieben von Automattic, Inc. 132 Hawthorne Street San Francisco, CA 94107, USA, unter Einsatz der Trackingtechnologie von Quantcast Inc., 201 3rd St, Floor 2, San Francisco, CA 94103-3153, USA. WordPress.com-Stats verwendet sog. &#8222;Cookies&#8220;, Textdateien, die auf Ihrem Computer gespeichert werden und die eine Analyse der Benutzung der Website durch Sie erm\u00f6glichen. Die durch den Cookie erzeugten Informationen \u00fcber Ihre Benutzung dieses Internetangebotes werden auf einem Server in den USA gespeichert. Die IP-Adresse wird sofort nach der Verarbeitung und vor deren Speicherung anonymisiert. Sie k\u00f6nnen die Installation der Cookies durch eine entsprechende Einstellung Ihrer Browser Software verhindern; wir weisen Sie jedoch darauf hin, dass Sie in diesem Fall gegebenenfalls nicht s\u00e4mtliche Funktionen dieser Website vollumf\u00e4nglich nutzen k\u00f6nnen. Sie k\u00f6nnen der Erhebung und Nutzung der Daten durch Quantcast mit Wirkung f\u00fcr die Zukunft widersprechen, indem Sie an dieser Stelle durch einen Klick auf den Link &#8222;Click here to opt-out&#8220; ein Opt-Out-Cookie in Ihrem Browser setzen: http:\/\/www.quantcast.com\/opt-out. Sollten Sie alle Cookies auf Ihrem Rechner l\u00f6schen, m\u00fcssen Sie das Opt-Out-Cookie erneut setzen.<\/p>\n<h3>Widerruf, \u00c4nderungen, Berichtigungen und Aktualisierungen<\/h3>\n<p>Der Nutzer hat das Recht, auf Antrag unentgeltlich Auskunft zu erhalten \u00fcber die personenbezogenen Daten, die \u00fcber ihn gespeichert wurden. Zus\u00e4tzlich hat der Nutzer das Recht auf Berichtigung unrichtiger Daten, Sperrung und L\u00f6schung seiner personenbezogenen Daten, soweit dem keine gesetzliche Aufbewahrungspflicht entgegensteht.<\/p>\n","protected":false},"excerpt":{"rendered":"<p>F\u00fcr den Inhalt verantwortlich Wohnmobilstellplatz Hochgratblick Christine Bechteler Im Dorf 37 87534 Oberstaufen Fon: 08386\/8180 Mail: info@womo-hochgratblick.de Urheberrechtlicher Hinweis Alle Seiten dieser Website sind durch das Urheberrecht gesch\u00fctzt. Alle Rechte, auch \u00dcbersetzungen, vorbehalten. Insbesondere d\u00fcrfen Nachdruck, Aufnahme in Online-Dienste und Internet und Vervielf\u00e4ltigung auf Datentr\u00e4ger nur nach vorheriger schriftlicher Zustimmung des Anbieters erfolgen. Alle Bilder &hellip; <a href=\"http:\/\/www.womo-hochgratblick.de\/?page_id=54\" class=\"more-link\">Weiterlesen <span class=\"screen-reader-text\">Impressum<\/span><\/a><\/p>\n","protected":false},"author":2,"featured_media":12,"parent":0,"menu_order":0,"comment_status":"closed","ping_status":"closed","template":"page-templates\/full-width-page.php","meta":[],"_links":{"self":[{"href":"http:\/\/www.womo-hochgratblick.de\/index.php?rest_route=\/wp\/v2\/pages\/54"}],"collection":[{"href":"http:\/\/www.womo-hochgratblick.de\/index.php?rest_route=\/wp\/v2\/pages"}],"about":[{"href":"http:\/\/www.womo-hochgratblick.de\/index.php?rest_route=\/wp\/v2\/types\/page"}],"author":[{"embeddable":true,"href":"http:\/\/www.womo-hochgratblick.de\/index.php?rest_route=\/wp\/v2\/users\/2"}],"replies":[{"embeddable":true,"href":"http:\/\/www.womo-hochgratblick.de\/index.php?rest_route=%2Fwp%2Fv2%2Fcomments&post=54"}],"version-history":[{"count":4,"href":"http:\/\/www.womo-hochgratblick.de\/index.php?rest_route=\/wp\/v2\/pages\/54\/revisions"}],"predecessor-version":[{"id":425,"href":"http:\/\/www.womo-hochgratblick.de\/index.php?rest_route=\/wp\/v2\/pages\/54\/revisions\/425"}],"wp:featuredmedia":[{"embeddable":true,"href":"http:\/\/www.womo-hochgratblick.de\/index.php?rest_route=\/wp\/v2\/media\/12"}],"wp:attachment":[{"href":"http:\/\/www.womo-hochgratblick.de\/index.php?rest_route=%2Fwp%2Fv2%2Fmedia&parent=54"}],"curies":[{"name":"wp","href":"https:\/\/api.w.org\/{rel}","templated":true}]}}